 -637*w - 54796. Give v(-86).
-14
Let h(o) = -762*o + 3045. Determine h(4).
-3
Let u(c) = -14*c**3 - 59*c**2 - 2*c - 1. Give u(-4).
-41
Let o(g) = 107*g - 2506. What is o(23)?
-45
Let r(y) = y**2 + 42*y + 418. What is r(-13)?
41
Let i(y) = -27*y + 263. What is i(10)?
-7
Let n(g) = -g**3 + 18*g**2 - 57*g + 16. What is n(14)?
2
Let b(k) = 9*k**3 + 82*k**2 + 6*k - 1. Determine b(-9).
26
Let n(c) = -c**2 - 185*c - 3566. Give n(-22).
20
Let t(d) = -d**3 - 14*d**2 - 45*d + 1. Calculate t(-9).
1
Let t(v) = -2*v**2 - 63*v + 9. What is t(-28)?
205
Let y(j) = j**3 + 9*j**2 - 60*j + 17. What is y(-14)?
-123
Let h(s) = -29*s - 71. Give h(0).
-71
Let k(b) = -b**3 + 17*b**2 - 31*b + 185. Determine k(16).
-55
Let d(c) = -100*c - 23. Calculate d(0).
-23
Let x(p) = 734*p - 4413. What is x(6)?
-9
Let p(x) = -8*x**2 - 52*x - 76. What is p(-2)?
-4
Let u(v) = -149*v - 596. Give u(-4).
0
Let h(d) = -5*d**2 - 73*d + 36. What is h(-12)?
192
Let h(s) = -s**3 + 2*s**2 + 2*s + 10. Give h(4).
-14
Let d(v) = -1327*v - 72992. What is d(-55)?
-7
Let f(p) = -112*p + 183. Give f(3).
-153
Let s(x) = -x**3 + 36*x**2 + 2*x - 70. Determine s(36).
2
Let q(u) = 54*u + 2392. Determine q(-47).
-146
Let m(j) = 10*j**2 - 225*j + 93. What is m(25)?
718
Let t(h) = 2*h**3 + 9*h**2 + 7*h - 10. Give t(-5).
-70
Let h(k) = -42*k + 1308. Give h(31).
6
Let t(j) = 2*j**3 - 7*j**2 - 81*j + 10. Calculate t(-5).
-10
Let j(t) = -t**3 + 42*t**2 + 22*t - 935. What is j(42)?
-11
Let t(y) = 567*y + 6829. Determine t(-12).
25
Let d(l) = -27*l**2 - 81*l + 164. Give d(2).
-106
Let w(h) = -6*h**2 - 203*h + 10. Calculate w(-34).
-24
Let j(n) = n**2 + 44*n - 6240. Calculate j(60).
0
Let h(t) = -8296*t + 58082. Calculate h(7).
10
Let d(f) = f**2 - 18*f + 96. What is d(10)?
16
Let y(c) = -3*c**2 - 10*c - 65. What is y(-8)?
-177
Let x(n) = n**2 + 21*n + 31. Calculate x(-9).
-77
Let j(k) = k**3 + 17*k**2 - 4*k - 10. What is j(0)?
-10
Let d(a) = -54*a + 1885. What is d(26)?
481
Let f(p) = p + 55. Determine f(-15).
40
Let q(f) = -116*f - 689. Give q(-6).
7
Let o(s) = -207*s - 15227. What is o(-74)?
91
Let l(r) = -5*r**2 - 43*r - 40. Calculate l(-8).
-16
Let n(p) = -p**2 + 28*p + 424. Determine n(-11).
-5
Let s(o) = 394*o + 5496. Calculate s(-14).
-20
Let p(b) = b**3 + 63*b**2 + 283*b - 423. What is p(-58)?
-17
Let l(q) = 1219*q + 1226. Give l(-1).
7
Let h(i) = i**3 - 45*i**2 + 7*i - 25. What is h(0)?
-25
Let y(v) = -177*v + 1972. Calculate y(11).
25
Let j(s) = s**2 - 184*s + 1577. Calculate j(9).
2
Let j(b) = -7*b**2 + 43*b - 189. Determine j(6).
-183
Let a(p) = -5*p**2 - 14*p + 132. What is a(6)?
-132
Let o(u) = -3*u**2 + 1043*u - 25092. Calculate o(26).
-2
Let z(p) = -50*p - 2. Determine z(-3).
148
Let f(b) = -682*b + 2832. Determine f(4).
104
Let v(f) = -f**2 + 16*f + 593. Give v(-19).
-72
Let a(q) = q**3 - 11*q**2 + 28*q - 6. Calculate a(7).
-6
Let p(v) = 5*v**2 + 3*v + 10. Give p(4).
102
Let t(c) = 58*c + 395. Determine t(-7).
-11
Let l(z) = z**2 + 42*z - 128. What is l(-45)?
7
Let h(v) = v**2 - 5*v - 276. Calculate h(22).
98
Let o(i) = i**2 - 1574*i + 10972. Calculate o(7).
3
Let f(c) = 73*c**2 + 371*c + 13. Calculate f(-5).
-17
Let r(u) = 5*u**3 + 59*u**2 + 57*u + 828. Determine r(-12).
0
Let j(g) = g**3 - 18*g**2 - 11*g + 25. Give j(19).
177
Let m(q) = -724*q + 197. Calculate m(1).
-527
Let q(h) = -h**3 - 93*h**2 + 593*h - 90. Determine q(-99).
9
Let b(x) = -45*x + 2257. Give b(54).
-173
Let c(r) = 13*r + 125. Calculate c(-6).
47
Let b(o) = -o**2 - 14*o - 1. Give b(-7).
48
Let d(w) = -w**2 + 979*w + 7901. Determine d(-8).
5
Let g(p) = 2*p**2 - 751*p + 4498. Determine g(6).
64
Let k(d) = -d**3 - 25*d**2 - 133*d - 4116. Calculate k(-26).
18
Let j(d) = -d**3 + 25*d**2 + 84*d + 18. Calculate j(28).
18
Let v(n) = n**2 - 306*n + 12997. Calculate v(51).
-8
Let t(d) = -d**3 - 499*d + 999. Give t(2).
-7
Let t(o) = -3*o**2 + 17*o + 37. What is t(-2)?
-9
Let k(j) = -2*j**3 + 37*j**2 + 52*j + 148. What is k(20)?
-12
Let k(y) = y**2 + 20*y + 117. What is k(-16)?
53
Let t(f) = -f**3 - 15*f**2 + 13*f - 58. What is t(-16)?
-10
Let t(r) = 2*r**3 - 5*r**2 + 3*r - 10. Calculate t(2).
-8
Let o(s) = -s**2 - 40*s - 55. Give o(-39).
-16
Let p(l) = -40*l**2 + 7*l - 9. Calculate p(1).
-42
Let a(r) = -33*r + 1249. Give a(43).
-170
Let b(g) = 38*g + 1109. Determine b(-29).
7
Let c(h) = -15*h + 197. Calculate c(13).
2
Let h(w) = -3*w**3 + 39*w**2 + 27*w + 47. What is h(14)?
-163
Let v(n) = 57*n - 5435. Give v(90).
-305
Let i(w) = 202*w - 1817. Calculate i(9).
1
Let m(g) = 2*g**3 + 56*g**2 + 8*g + 222. What is m(-28)?
-2
Let j(d) = d**2 - 10*d - 85. Give j(19).
86
Let w(u) = 99*u - 235. Determine w(2).
-37
Let d(g) = -4731*g - 189237. Give d(-40).
3
Let a(b) = -65*b - 2002. Determine a(-31).
13
Let q(d) = d**2 - 35*d - 20. Determine q(36).
16
Let c(p) = 3*p + 17. Determine c(-5).
2
Let f(n) = -3*n**2 - 70*n - 365. Determine f(-20).
-165
Let x(v) = 5*v**2 - 57*v + 136. Give x(9).
28
Let w(m) = 6*m**2 - 256*m - 1828. What is w(49)?
34
Let m(x) = -5*x - 191. Calculate m(-35).
-16
Let n(j) = 328*j - 3187. Calculate n(10).
93
Let u(t) = -t**3 - 13*t**2 + 7*t + 179. Give u(-14).
277
Let i(f) = f**2 + 2*f + 332. Calculate i(-10).
412
Let p(i) = -i**3 - 39*i**2 - 44*i - 69. Give p(-38).
159
Let j(x) = x**2 - 66*x - 116. Give j(70).
164
Let n(r) = r**2 + 216*r + 4265. Calculate n(-22).
-3
Let d(i) = 19*i + 117. What is d(-7)?
-16
Let k(g) = 4*g**3 - 3*g**2 + g + 18. Calculate k(4).
230
Let r(m) = -m**2 + 623*m + 6968. What is r(-11)?
-6
Let n(s) = s - 427. What is n(41)?
-386
Let q(u) = -59*u - 818. What is q(-14)?
8
Let a(b) = 158*b + 266. Determine a(-2).
-50
Let q(l) = -38*l - 107. Calculate q(-2).
-31
Let q(m) = 7*m**2 - 52*m + 28. Calculate q(8).
60
Let l(r) = 2882*r - 51876. Determine l(18).
0
Let y(g) = 26*g + 71. Determine y(-5).
-59
Let c(y) = y**3 - 144*y**2 - 1217*y + 151. Determine c(152).
-1
Let d(a) = -86*a + 1208. Give d(10).
348
Let o(s) = -s**3 - 153*s**2 - 588*s + 1255. Determine o(-149).
63
Let h(f) = 34*f - 18. Determine h(2).
50
Let p(i) = 118*i + 1193. Determine p(-4).
721
Let g(v) = -82*v + 1211. Calculate g(15).
-19
Let z(v) = -18*v - 114. Give z(15).
-384
Let a(s) = -148*s + 1341. What is a(9)?
9
Let y(s) = -s**3 + 11*s**2 - 23*s + 17. What is y(9)?
-28
Let g(c) = 123*c**2 + 60*c - 123. Calculate g(2).
489
Let c(a) = a**3 + 189*a**2 + 1453*a + 901. What is c(-181)?
-4
Let n(f) = 3*f**2 - 342*f - 2466. Determine n(-7).
75
Let d(w) = -w**3 - 38*w**2 + 353*w - 695. Give d(-46).
-5
Let s(y) = -y**2 + 37*y + 246. Give s(43).
-12
Let k(g) = -g**2 - 8*g - 14. What is k(-10)?
-34
Let c(z) = -30715*z - 30713. Give c(-1).
2
Let s(w) = -3*w**3 - 79*w**2 - 14*w + 278. Determine s(-26).
-34
Let f(t) = -t**3 - 125*t**2 - 492*t - 969. Calculate f(-121).
-1
Let u(v) = -3*v**2 - 142*v + 93. Give u(-48).
-3
Let m(r) = -39*r - 1369. What is m(-35)?
-4
Let m(a) = 43*a**2 + 1003*a + 310. Calculate m(-23).
-12
Let b(f) = 17*f**2 - 427*f - 389. Determine b(26).
1
Let u(d) = 12*d - 1. What is u(0)?
-1
Let l(v) = 6*v - 113. What is l(29)?
61
Let s(k) = -28*k + 279. Determine s(0).
279
Let v(k) = -21*k - 22. What is v(-1)?
-1
Let b(t) = -t**2 + 51*t + 1080. Determine b(-16).
8
Let s(b) = 167*b + 715. Calculate s(-8).
-621
Let b(z) = 19*z**2 + 20*z + 15. Determine b(-1).
14
Let f(h) = -4*h**3 + 48*h**2 - 113*h + 35. What is f(9)?
-10
Let w(t) = -t**3 - 34*t**2 - 97*t - 122. Determine w(-31).
2
Let a(w) = -w**3 - 21*w**2 - 15*w + 76. What is a(-20)?
-24
Let r(f) = 3*f**3 - 29*f**2 + 10*f + 15. What is r(9)?
-57
Let l(a) = -32*a - 2318. Give l(-70).
-78
Let o(k) = -k**3 - 38*k**2 - 63*k - 988. Give o(-37).
-26
Let f(o) = 6*o**2 + 33*o - 25. Give f(-7).
38
Let t(o) = 3*o**2 - 49*o + 165. Determine t(4).
17
Let j(x) = x**2 - 41*x - 304. Determine j(48).
32
Let d(w) = 2*w**3 - 234*w**2 - 3*w + 344. Determine d(117).
-7
Let j(n) = 19*n**2 + 7*n + 8. Determine j(-2).
70
Let b(g) = g**3 - 91*g**2 - 98*g + 571. Calculate b(92).
19
Let u(g) = -2*g**2 + 613*g + 2488. Determine u(-4).
4
Let b(o) = 3*o**3 + 499*o**2 + 7619*o + 32. Determine b(-17).
-19
Let r(k) = 433*k + 3038. What is r(-7)?
7
Let u(b) = b**3 + 8*b**2 - 8*b - 50. What is u(-8)?
14
Let p(k) = -12*k + 626. Calculate p(51).
14
Let r(y) = -y**3 - 10*y**2 - 4*y + 73. Calculate r(-8).
-23
Let 